*a = -0*a + 255. Let r = 78 - a. Let f = -16 + r. What are the prime factors of f?
11
Suppose -3*k - 45 = 2*k. What are the prime factors of k/(0 - 1/3)?
3
Suppose -16 + 0 = -r. Let h = 26 - r. What are the prime factors of h?
2, 5
Let y = 43 + -19. What are the prime factors of y?
2, 3
Let c(q) = -q - 1. Let u be c(-3). Suppose y + u*y = 24. What are the prime factors of y?
2
Let w(g) = -87*g**3 + g. What are the prime factors of w(-1)?
2, 43
Let m(w) = -w**2 - 17*w + 18. List the prime factors of m(-15).
2, 3
Let y = -125 + 209. List the prime factors of y.
2, 3, 7
Let i(r) = -r**3 - 5*r**2 + 5*r - 3. Let g(a) = -2*a. Let s be g(3). Let u be i(s). Suppose 5*o = u*o + 22. What are the prime factors of o?
11
Let t(b) = 100*b + 2. Let m be t(2). Let v = 114 - m. List the prime factors of 2/10 + v/(-10).
3
Suppose -33 = -4*k + 7. What are the prime factors of 11/(-2)*(6 - k)?
2, 11
Let u(s) = -s - 2. Let g be u(-4). Let y(f) = -4*f**g + 6*f - 5*f**2 - 5 + f**3 + 4*f**2. List the prime factors of y(4).
3
Let p(n) = n**2 - 13*n + 6. Let j = 5 - 0. Let r be p(j). What are the prime factors of (-3)/(-9) - r/6?
2, 3
Let s(r) = -44*r + 44. What are the prime factors of s(-5)?
2, 3, 11
Suppose 2*l + 2*l = 0. Suppose -h = -3*h + y + 15, l = -2*h - 2*y. List the prime factors of h.
5
Let y(u) = u**2 - 3*u + 4. Let f be y(3). What are the prime factors of 2/2*(3 + f)?
7
Let a = -85 - -141. List the prime factors of a.
2, 7
Suppose -c = r - 68, 0 = 4*c - 3*r - 304 + 18. List the prime factors of c.
2, 5, 7
Suppose -s - 2 = -u + s, 4*u - s = 15. List the prime factors of u.
2
Let b = 8 + -9. Suppose -2*q = -15 - 1. Let x = q + b. What are the prime factors of x?
7
Let o(m) = -m - 8. Let t be o(-4). Let f(j) = j**3 + 5*j**2 + 4*j + 3. Let r be f(t). Suppose 2*c - r*c + 16 = 0. What are the prime factors of c?
2
Suppose 2*p = -5*u + 73, -81 = -3*p - u - 4. List the prime factors of p.
2, 3
Let i(d) = 2*d + 45. What are the prime factors of i(8)?
61
Let n(l) = l**3 + 9*l**2 - 8*l - 5. Let m be n(-10). Let u = m - -43. What are the prime factors of u?
2, 3
Suppose 2*y - 32 + 2 = 0. List the prime factors of y.
3, 5
Suppose -6*c + 85 + 491 = 0. What are the prime factors of c?
2, 3
Let t be (23/(-3) - -1)*-12. Let i = t - 46. List the prime factors of i.
2, 17
Suppose -4*k = 2*t - 306, -2*k + 157 = -0*k + 5*t. List the prime factors of k.
2, 19
What are the prime factors of 9*(-2 - -8) - (2 + -5)?
3, 19
Suppose 2 + 7 = 3*l. Let i(s) = -s**2 + 6*s + 8. Let o be i(7). What are the prime factors of (0 - l)/(o/(-4))?
2, 3
Let n be (-2)/(-8) + 870/(-24). Let z = -20 - n. List the prime factors of z.
2
Suppose 0 = -3*h - t - 21, 3*h + t = 2*t - 15. Let l be (-4)/h - 14/(-6). Suppose 0 = -v - 0*v + l. List the prime factors of v.
3
Let c(z) = -2*z - 2. Let s(a) = -3*a**2 - 1. Let v be s(1). List the prime factors of c(v).
2, 3
Suppose -4*r + 8*r + 724 = 2*o, 0 = 3*o + 2*r - 1118. What are the prime factors of o?
2, 5, 37
Let i(b) = 2*b**2 + 11*b. List the prime factors of i(-7).
3, 7
Let r = 129 + 51. List the prime factors of r.
2, 3, 5
Let z(s) = -2 - 2*s**3 + s**3 - s + 6*s**2 - 3*s. Let j be z(5). Suppose 8*k - j*k - 50 = 0. List the prime factors of k.
2, 5
Suppose -2*c + 114 = -n, -3*c + 279 = 2*c - n. Suppose 0 = 4*i - c - 137. What are the prime factors of i?
2, 3
Let b = -22 + 37. What are the prime factors of b?
3, 5
Let j(z) = -12*z + 8 + 12 + 11*z. What are the prime factors of j(10)?
2, 5
Let i(g) = 24*g + 1. Let h(s) = -s**3 + 2*s**2 + 4*s - 2. Let y be h(3). List the prime factors of i(y).
5
Let l(c) = 17*c**3 - 3*c**2 + c - 2. What are the prime factors of l(2)?
2, 31
Suppose -3 + 9 = 3*v. Let p(a) = v*a - 2*a + 10 + a. What are the prime factors of p(-7)?
3
Let i(x) = -x**2 + 1. Let c be i(1). Suppose 4*j - 8*j - 4*l + 176 = c, -4*j = -5*l - 221. What are the prime factors of (-4)/(-20) - j/(-5)?
2, 5
Let g(r) = r**3 + 5*r**2 - 2*r - 7. Let x be g(-5). Suppose 0 = 4*t - 5*h - 50, 2*t + 4*h = -x*t + 42. What are the prime factors of t?
2, 5
Let k be 4/(-2) + 0/(-5). Let d = k - -4. What are the prime factors of d?
2
Let v = 7 - -4. List the prime factors of v + 6*3/(-6).
2
Let a = -5 + 9. Let i = 11 + a. What are the prime factors of i?
3, 5
Suppose 0*x - 5*k = 5*x - 320, -3*k - 64 = -x. What are the prime factors of x?
2
Let m(d) = d**3 - 2*d**2 + 3*d - 3. Let j be m(2). Suppose y - j*y = 2. Let p(n) = -n + 1. What are the prime factors of p(y)?
2
Suppose -j - 4*v + 40 = 3*j, -5*v = 2*j - 20. Suppose -3*u + u = 3*p - 71, p + u - 24 = 0. Let y = p - j. What are the prime factors of y?
13
Suppose 2*j - 129 = -39. Suppose -3*p = -2*q + 37, -2*p + j = q + 4*q. What are the prime factors of q?
11
Let b be (-10)/15*3/(-2). Let u be 0 - (1 + 0 + -1). What are the prime factors of (b + u)*(-6)/(-1)?
2, 3
Let i be (-123)/12 + (-2)/(-8). Let b be (-2)/(-1*1/(-6)). List the prime factors of b/(-5) - (-4)/i.
2
Let v be 2/(-1 - (-15)/9). Suppose -v*k + 5 = -2*k. List the prime factors of k.
5
Let u = 72 + -48. Suppose -u = -4*c + 4*b, c = -4*c + 3*b + 28. Suppose -33 = -c*n - 3. What are the prime factors of n?
2, 3
List the prime factors of (-60)/((-8)/(-15)*9/(-12)).
2, 3, 5
Let q(n) = 7*n + 8. List the prime factors of q(4).
2, 3
What are the prime factors of 31 - (-3 - -5)/(-2)?
2
Let i(l) = 8*l - 6. List the prime factors of i(4).
2, 13
Let m be -1 + 0/(-1) + 0. Let i be -6 + 1 + m + 0. Let u = 0 - i. What are the prime factors of u?
2, 3
Let p(k) = 2*k**2 - 4*k + 3. Let g be p(2). Let m(b) = b - 2*b**g - b**2 - 1 - b. What are the prime factors of m(-2)?
11
Let m(i) = -i**3 + 27*i**2 + 5*i - 1. List the prime factors of m(27).
2, 67
Let u = -51 - -57. What are the prime factors of u?
2, 3
Suppose -v = -5, 0*q + 2*v - 20 = 5*q. What are the prime factors of 0/1 + (-36)/q?
2, 3
Let r be (6/15)/(6/15). Let a(d) = 43*d**3 - d + 1. What are the prime factors of a(r)?
43
Suppose 11*r - 3131 + 799 = 0. List the prime factors of r.
2, 53
Let h(y) = 6*y + 2. Let m be h(2). Let j = 9 + m. What are the prime factors of j?
23
Let q(y) be the third derivative of -3*y**4/8 - 2*y**2. Let t be q(-1). Let d = t + 1. List the prime factors of d.
2, 5
Suppose 0 = 2*s - 3*s. Suppose 4*a + 5*o - 28 = s, 4*o + 3 = -5*a + 38. What are the prime factors of a?
7
Suppose 8*d - 24*d + 2640 = 0. What are the prime factors of d?
3, 5, 11
Suppose -b + 130 = -5*i, 520 = b + 3*b - 5*i. What are the prime factors of b?
2, 5, 13
Let t = -88 - -164. Suppose 2*h = 6*h - t. List the prime factors of h.
19
Let o be (-1 + 1 + 0)*-1. Suppose -2*p + o*p = -4. List the prime factors of p*1/(-2) - -3.
2
Let a be -4*(-1)/(-2) - -4. Suppose a*c = -3*c + 55. List the prime factors of c.
11
Let y(q) = 8*q**2 - q + 2. What are the prime factors of y(-2)?
2, 3
Let g(k) be the third derivative of -k**4/3 - 5*k**2. List the prime factors of g(-4).
2
List the prime factors of 4/(-10) - ((-41635)/25)/11.
151
Let w(y) = y**3 - 4*y**2 + 2*y - 4. Let j be w(4). Suppose 3*n + 16 = j*x, n = 3*x + x. List the prime factors of (-1)/(-4) + (-62)/n.
2
Let y be ((-42)/(-15))/(1/5). Let k = 0 + y. What are the prime factors of k?
2, 7
Suppose -5 = -3*w + 4. List the prime factors of (-4)/w*300/(-8).
2, 5
Let f(p) = 6*p + 7. Let o(k) = 13*k + 14. Let w(z) = -3*z - 3. Let g be w(-2). Let a(t) = g*o(t) - 7*f(t). List the prime factors of a(-6).
11
Let b = -36 + 74. List the prime factors of b.
2, 19
Let o(b) = 18*b - 3. List the prime factors of o(3).
3, 17
Suppose -617 = -13*w - 240. What are the prime factors of w?
29
Suppose -5*a + a + 104 = 0. List the prime factors of a.
2, 13
Let z = -8 + 7. Let m(y) = -y**3 + 3*y**2 + 5*y - 2. Let q be m(3). List the prime factors of 1 + z + -2 + q.
11
Let t = 5 + 68. What are the prime factors of t?
73
Suppose 5 = 3*x - 235. List the prime factors of x.
2, 5
Let p(l) = -l + 6. Let h be (-1)/4 - 17/(-4). Let j be p(h). List the prime factors of 1*j/3*24.
2
Suppose -7*m + 296 = m. List the prime factors of m.
37
Suppose 3*m + 23 = 4*o, 3*m + 2 + 7 = -3*o. Let d = -3 - 0. Let b = d - m. What are the prime factors of b?
2
Suppose 2*c = -3*j - 142, -5*j - 2*c - 98 = -3*j. Let d = -21 - j. List the prime factors of d.
23
Suppose -5*d + 620 = -d. Suppose -11*j = -6*j - d. What are the 